(a) = -a**3 + 4*a**2 - 1. Let z = -266 + 268. Determine x(z).
7
Let q = 1 - -2. Suppose -t - q*d = -0*t + 13, -4*d = 20. Let l(g) = 3*g - 3*g**3 - 5 - 2*g**t + 9 + 2*g**3. Give l(-3).
4
Let d be 84/72*2*(-3)/(-42). Let k(o) be the third derivative of 1/12*o**4 + 5*o**2 + 0 - d*o**3 + 0*o. What is k(5)?
9
Let o = -17 + 19. Let d(f) = -7*f - o - f + 0*f - f**2. Calculate d(-6).
10
Let f(l) be the second derivative of l**3 + 1/2*l**2 + 8*l + 0 - 1/12*l**4. Calculate f(4).
9
Let f(n) be the third derivative of -n**7/2520 - n**6/720 - n**4/24 + 23*n**2. Let b(u) be the second derivative of f(u). Calculate b(0).
0
Let z(w) be the second derivative of -1/6*w**4 - 1/2*w**3 + 1/2*w**2 + 0 - 8*w. What is z(2)?
-13
Let j(v) = v + 1. Suppose 648 = 2*c + 628. Calculate j(c).
11
Let g(k) = k**3 - 7*k**2 + 9*k - 8. Let a(h) = h**3 + 4*h**2 - 43*h - 4. Let c be a(5). What is g(c)?
10
Let x(q) = -4*q - 8 + 8*q**2 + 16*q**3 + 0*q**2 + 10*q**3 - 41*q**3 + 14*q**3. Give x(7).
13
Let d(t) = 3 + 2*t**3 + 3*t**3 - 4*t**3 + 6*t + 8*t**2. What is d(-7)?
10
Let j = -8 + 11. Suppose j*y + 4*x = -x + 10, x + 1 = 0. Suppose 5 - 15 = -y*g. Let i(d) = 2*d**2 - d + 2. What is i(g)?
8
Let u(n) be the third derivative of n**4/24 - n**3 - 97*n**2. What is u(0)?
-6
Let z(n) = 1 - 21 + n + 14. Let o(r) = r**2 + 3*r + 3. Let c be o(-2). Suppose -c = 2*u - 13. What is z(u)?
0
Let j(g) be the second derivative of -g**5/20 + g**4/4 + 19*g**3/3 - 3*g**2 - 107*g. Determine j(-5).
4
Let r be ((-4)/(-10))/((-11 - -8)/(-60)). Let x(m) = -m + 1. Calculate x(r).
-7
Let r be (1/5 - 1)*-5. Let u(t) = t**3 + 8*t**2 + 4. Let j be u(-8). Let s(d) = 3 + j - 2 - 2 - 3*d. Determine s(r).
-9
Let a(d) = -8*d**3 - 8*d**2 + 12*d + 4. Let z(x) = -13*x**3 - 17*x**2 + 23*x + 8. Let m(p) = 5*a(p) - 3*z(p). What is m(10)?
6
Let p(h) = 5*h**3 - 10*h**2 + 3*h + 1. Let u(q) = -6*q**3 + 11*q**2 - 4*q - 2. Let j(m) = 7*p(m) + 6*u(m). What is j(-4)?
7
Let i(l) = l - 16*l + l**3 + 13*l - 3*l**2. Let x = 25 - 21. Calculate i(x).
8
Let i = 83 - 78. Let b(c) be the third derivative of -7/60*c**i + 0*c + 0*c**4 + 7*c**2 + 1/6*c**3 + 0. Give b(-1).
-6
Let j(c) = c**2 - 4*c - 4. Suppose 0 = 5*u + 37 - 12. Let a = 1 - u. Let h = a - 1. What is j(h)?
1
Let g(a) be the third derivative of -a**6/120 - 3*a**5/20 - a**4/24 - 4*a**3/3 - 4*a**2. Let t be g(-9). Let n(c) = -c + c**2 - 1 + 4 - 4. What is n(t)?
-1
Suppose -9*q + 4*q + 40 = 0. Let v(a) = -13*a**3 + 16*a**2 - 11*a + 34. Let c(s) = -7*s**3 + 8*s**2 - 6*s + 18. Let d(w) = 11*c(w) - 6*v(w). What is d(q)?
-6
Let k(w) be the first derivative of w**4/8 + 4*w**3/3 + 9*w**2 + 16. Let n(u) be the second derivative of k(u). Determine n(-6).
-10
Let h(f) = 3*f**2 - f**2 + 6 + 0 + 12*f - 4. Let c be h(-6). Let j(u) = 2*u - 6 + u**3 + 0*u - u**2 + 3. Give j(c).
5
Let c(v) = -v**2 - v - 1. Let l(z) = -7*z**2 - 3. Let x(t) = c(t) - l(t). Let f be (38/323 - 53/17)/(-3). Give x(f).
7
Let j(c) = 0 + 1 - 4*c + 3*c. Let n(p) = p**3 - 2*p**2 + 3*p - 2. Let a be n(2). Suppose 0 = q - 2*q + a*f + 5, 0 = -3*q - 3*f + 15. Give j(q).
-4
Let i(a) = 33*a - 8. Suppose -c = -4*m - 22, 5*c + 3*m - 4 - 14 = 0. Suppose 0 = -2*x + 3*x + c. Let g(n) = -4*n + 1. Let h(s) = x*i(s) - 51*g(s). Give h(3).
15
Let v(b) be the first derivative of -4*b**3/3 - b**2/2 - 19. Let t be -1*(1 - -1) + 3. Calculate v(t).
-5
Let k = -26 - -24. Let p = k - -3. Let z(n) = 0*n**2 + 1 + 2*n**2 - 2*n + 0 - 6*n**3. What is z(p)?
-5
Suppose 4*d + 25*d = 58. Let k(w) be the first derivative of -2*w**3/3 + w**2 + 2*w + 1. What is k(d)?
-2
Suppose 5*s = -f + 28, -7*f = 5*s - 2*f - 20. Suppose 88*o - s = 91*o. Let y(g) = -2*g**3 - g**2 + 3*g + 2. Give y(o).
8
Let m(w) be the third derivative of 1/6*w**4 + 1/6*w**3 + 0 - w**2 + 0*w - 1/30*w**5. Let s be (-9)/(-4)*(8 + (-460)/69). Calculate m(s).
-5
Let d(t) be the third derivative of t**5/60 - t**4/12 + t**3/2 + t**2 - 36. Give d(2).
3
Let u(r) = -r**3 + 17*r**2 - 29*r - 14. Let t be u(15). Let g(l) = l**2 - l. Calculate g(t).
0
Suppose -p - 5*q = -29, 8*p - 35 = 3*p - 3*q. Let h = -26 + 29. Let y(v) = -3 - 5*v + 0 + 7 + h*v. Calculate y(p).
-4
Let p(a) be the second derivative of -1/6*a**3 + 0 + 30*a - 7/2*a**2. Give p(0).
-7
Let b = 1055 + -1051. Let s(z) = -z**2 + 7*z - 2. Calculate s(b).
10
Let k(g) = -7*g**3 + 8*g**2 - 4*g - 6. Suppose 4*x + 2 = 3*x. Let c(o) = -3*o**3 + 4*o**2 - 2*o - 3. Let y(w) = x*k(w) + 5*c(w). What is y(3)?
0
Let y(p) be the first derivative of p**2 - 5*p - 103. Calculate y(0).
-5
Let m(h) = 3*h**3 - 2*h**2 - h + 6. Let c(v) = -16*v**3 + 12*v**2 + 5*v - 31. Let s(t) = 2*c(t) + 11*m(t). Give s(-3).
-2
Suppose -2*i = 5*j - 27, 0 = -5*i + 3 + 2. Let q(m) = -m**2 + 3*m + 5. Determine q(j).
-5
Let m = -7 + 7. Let r be m/(-3 - -4 - 0). Let o(j) = j + 11. What is o(r)?
11
Let a(l) = 5*l - 1. Let k be ((-2)/6)/((-2)/18). Suppose -k*f + 4*y - 44 = 0, 4*f + 29 = 5*y - 28. Let w = f - -10. Determine a(w).
9
Suppose -4*a = y + 1, -3*y = a - 1 - 7. Let o(w) = -3*w**2 + 4. What is o(y)?
-23
Let r(d) = -d**3 + 10*d**2 - 10*d + 11. Let a = -126 + 34. Let w = a + 101. Give r(w).
2
Suppose 5*w - 10 = -0. Suppose 4*o - w*o = 12. Let k(v) = 5*v - 8. What is k(o)?
22
Let p = 10 + -7. Suppose 7*l - 52 = p*l. Let y(r) = r - r - r + 0*r - l. What is y(-7)?
-6
Let u = 246 + -128. Let v(y) = 6 + u*y**2 - 119*y**2 - 4*y - 4*y. What is v(-9)?
-3
Suppose 52 = 5*j - 13. Suppose 9*k - 4*k + d = j, 0 = -3*k + 3*d + 15. Let u(o) = -3*o + 22*o**2 + 4 - 45*o**2 + 26*o**2 - o**k. Give u(3).
-5
Let b(d) be the second derivative of d**3 + 10*d - 1/2*d**2 + 0. Determine b(1).
5
Let q(s) = -3*s**2 - 7*s. Let t(x) = -5*x**2 - 13*x. Suppose 4*w = 5*f - 28, -w + 2 = 3*f - 8. Let z(o) = f*t(o) - 7*q(o). Determine z(3).
0
Let s(u) = -2*u + 14 + 1 - 32 - u - 2*u + u**2. Determine s(8).
7
Let f(i) be the first derivative of 1 + 0*i - 3/2*i**2. Let u(k) = -k**3 - 17*k**2 - k - 14. Let q be u(-17). Determine f(q).
-9
Let g = 11 - 17. Let r(m) be the first derivative of -m**4/4 - 5*m**3/3 + 4*m**2 + 8*m + 212. Calculate r(g).
-4
Suppose -2*j + 3*j + 4 = 0, 5*l = -3*j - 52. Let c(f) = -f**2 - 6*f - 1. Calculate c(l).
-17
Let i(j) = -2*j**3 + 5*j**2 - 3*j - 3. Let s be (-61)/21 + (-18)/189. Let l(b) = b**3 - 2*b**2 + b + 2. Let t(c) = s*i(c) - 5*l(c). Give t(3).
-7
Let u(w) = -3*w - 4. Let x = -678 + 683. Determine u(x).
-19
Let m(a) = -a**3 - 2*a**2 - 3*a - 4. Suppose 2*t + 33 = 5*t. Let d = t + -11. Suppose 5*b - 2*f = -23, d - 5 = 3*b + f. Determine m(b).
14
Let d = 1 + -1. Suppose -5*n = 3*m + 5, 4 = 5*m - 2*n + 2. Let r(i) = m - i**2 + 6 + 3 - 6. Give r(d).
3
Let j(v) be the first derivative of -v**2 - 7*v - 112. Determine j(-6).
5
Suppose 3 = -4*x + 5*x. Let r(z) = 0 + x - 4 + 6*z + 2. Suppose -t = 8 - 7. Calculate r(t).
-5
Let z(x) = -x**3 - 5*x**2 - x + 2. Let u = 300 - 305. Give z(u).
7
Let g be ((-10)/6 - (-7 - -6))*-3. Let y(q) be the third derivative of 0*q + 1/30*q**5 - 1/3*q**3 + 0 + 3*q**2 - 1/24*q**4. What is y(g)?
4
Let h(a) = 7*a + 1. Let p(k) = -k. Let o(i) = h(i) + 6*p(i). Let u = -41 - -46. What is o(u)?
6
Let s(y) = y**2 - 2*y + 3. Suppose 3*g - g = -3*r - 44, 0 = -r + g - 13. Let f = -14 - r. Suppose f = -4*k + m + 6, -k = 3*k + 2*m - 12. What is s(k)?
3
Let q(a) be the third derivative of a**7/5040 + a**6/240 + a**5/12 + 7*a**2. Let c(r) be the third derivative of q(r). Suppose 11*k - 15 = 14*k. Determine c(k).
-2
Let z(h) = -h**3 - 21*h**2 + 24*h + 44. Suppose 0 = -2*a + 5*f - 39, 66*a - f - 23 = 67*a. Determine z(a).
0
Let a(o) be the second derivative of -7*o**3/6 - 3*o**2/2 - 716*o. Calculate a(-3).
18
Let y(j) = -j**2 + 46*j + 50*j - 104*j. Give y(-8).
0
Let r(y) = -y**2 - 28. Let f(k) = -k**2 - 44*k + 192. Let q be f(4). Determine r(q).
-28
Let k(t) = -2*t**3 - 25*t**2 - 15*t - 26. Let g be k(-12). Let r(p) = p**2 - 10*p + 5. Determine r(g).
5
Let c be 3/3 + (-1 - -1). Let v(m) = 2 + 18*m + 0 - 14*m + c. Let y(k) = 16*k + 11. Let g(b) = 22*v(b) - 6*y(b). Calculate g(2).
-16
Let v(l) = l - 3. Let s(r) = -r**3 + 5*r**2 + 16*r - 9. Let a be (-6)/(-15) + (-33)/(-5). Let u be s(a). What is v(u)?
2
Let i(o) = o**2 + 6*o + 7. Suppose -4*w - 5*z + 93 = 0, -3*w + z + 64 = -z. Suppose 0 = 4*y - 3*v + 3, -2*v + w = 5*y - y. Suppose 30 = -9*j + y*j. Give i(j).
2
Suppose -5*k + 52 